{"id":1032,"date":"2024-01-31T11:18:41","date_gmt":"2024-01-31T09:18:41","guid":{"rendered":"https:\/\/citt-bio.madrimasd.org\/?page_id=1032"},"modified":"2024-01-31T13:20:53","modified_gmt":"2024-01-31T11:20:53","slug":"el-cluster-citt-bio-inicia-una-serie-de-webinars-con-una-sesion-informativa-sobre-la-convocatoria-de-proyectos-en-colaboracion-publico-privada","status":"publish","type":"page","link":"https:\/\/citt-bio.madrimasd.org\/index.php\/noticias\/el-cluster-citt-bio-inicia-una-serie-de-webinars-con-una-sesion-informativa-sobre-la-convocatoria-de-proyectos-en-colaboracion-publico-privada\/","title":{"rendered":"El cl\u00faster CITT-BIO inicia una serie de webinars con una sesi\u00f3n informativa sobre la \u00abConvocatoria de Proyectos en Colaboraci\u00f3n P\u00fablico-Privada\u00bb"},"content":{"rendered":"\n<figure class=\"wp-block-image aligncenter size-full\"><img loading=\"lazy\" decoding=\"async\" width=\"931\" height=\"645\" src=\"https:\/\/citt-bio.madrimasd.org\/wp-content\/uploads\/2024\/01\/webinar.png\" alt=\"\" class=\"wp-image-1033\" srcset=\"https:\/\/citt-bio.madrimasd.org\/wp-content\/uploads\/2024\/01\/webinar.png 931w, https:\/\/citt-bio.madrimasd.org\/wp-content\/uploads\/2024\/01\/webinar-300x208.png 300w, https:\/\/citt-bio.madrimasd.org\/wp-content\/uploads\/2024\/01\/webinar-768x532.png 768w\" sizes=\"auto, (max-width: 931px) 100vw, 931px\" \/><\/figure>\n\n\n\n<div style=\"height:30px\" aria-hidden=\"true\" class=\"wp-block-spacer\"><\/div>\n\n\n\n<p>Madrid, 30 de enero de 2024 &#8211; El Cl\u00faster de la Comunidad de Madrid CITT-BIO, ha organizado este martes, una sesi\u00f3n informativa acerca de la <strong>Convocatoria de Proyectos en Colaboraci\u00f3n P\u00fablico-Privada 2023<\/strong>, en formato online, dirigida a todas las entidades miembro del cl\u00faster.<\/p>\n\n\n\n<p>La sesi\u00f3n, organizada por el CITT-BIO y con el apoyo de BioInnova Consulting, se ha centrado en los detalles clave de la convocatoria, en sus requisitos, as\u00ed como en consejos pr\u00e1cticos de c\u00f3mo presentar exitosamente las propuestas. En la sesi\u00f3n, han participado 56 asistentes, de diversas entidades con el \u00e1nimo de conocer m\u00e1s sobre esta convocatoria y resolver sus dudas.<\/p>\n\n\n\n<p>Esta convocatoria, de la Agencia Estatal de Investigaci\u00f3n, ha abierto su plazo de presentaci\u00f3n el mismo 30 de enero, y cerrar\u00e1 el pr\u00f3ximo <strong>20 de febrero de 2024<\/strong>.\u00a0 El objeto de la convocatoria es financiar proyectos de desarrollo experimental en colaboraci\u00f3n entre empresas y organismos de investigaci\u00f3n. Se busca la creaci\u00f3n de productos listos para el mercado, con una orientaci\u00f3n clara hacia la validaci\u00f3n y el desarrollo precompetitivo.<\/p>\n\n\n\n<p>Los beneficiarios ser\u00e1n consorcios formados de entre 2 y 10 entidades, que podr\u00e1n ser organismos p\u00fablicos y privados de investigaci\u00f3n, as\u00ed como grandes empresas y PRYMES. Se establece un presupuesto m\u00ednimo de 400.000 \u20ac, debiendo recibir cada entidad al menos un 10% del mismo. Igualmente, se han analizado los conceptos financiables y los criterios de evaluaci\u00f3n de la convocatoria. Finalmente, se han ofrecido una serie de consejos pr\u00e1cticos a los participantes para presentar una propuesta exitosa.<\/p>\n\n\n\n<p class=\"has-palette-color-5-background-color has-background\" style=\"font-size:clamp(14px, 0.875rem + ((1vw - 3.2px) * 0.469), 20px);\"><strong>Si quiere conocer m\u00e1s sobre este y otros webinars del CITT-BIO, <a href=\"https:\/\/citt-bio.madrimasd.org\/index.php\/contacto\/\" data-type=\"link\" data-id=\"https:\/\/citt-bio.madrimasd.org\/index.php\/contacto\/\" target=\"_blank\" rel=\"noreferrer noopener\">contacte<\/a> a la secretar\u00eda t\u00e9cnica para obtener m\u00e1s informaci\u00f3n.<\/strong><\/p>\n\n\n\n<div style=\"height:100px\" aria-hidden=\"true\" class=\"wp-block-spacer\"><\/div>\n","protected":false},"excerpt":{"rendered":"<p>Madrid, 30 de enero de 2024 &#8211; El Cl\u00faster de la Comunidad de Madrid CITT-BIO, ha organizado este martes, una sesi\u00f3n informativa acerca de la Convocatoria de Proyectos en Colaboraci\u00f3n P\u00fablico-Privada 2023, en formato online, dirigida a todas las entidades miembro del cl\u00faster. La sesi\u00f3n, organizada por el CITT-BIO y con el apoyo de BioInnova [&hellip;]<\/p>\n","protected":false},"author":3,"featured_media":0,"parent":162,"menu_order":1,"comment_status":"closed","ping_status":"closed","template":"","meta":{"_acf_changed":false,"_mc_calendar":[],"footnotes":""},"class_list":["post-1032","page","type-page","status-publish","hentry"],"blocksy_meta":[],"acf":[],"_links":{"self":[{"href":"https:\/\/citt-bio.madrimasd.org\/index.php\/wp-json\/wp\/v2\/pages\/1032","targetHints":{"allow":["GET"]}}],"collection":[{"href":"https:\/\/citt-bio.madrimasd.org\/index.php\/wp-json\/wp\/v2\/pages"}],"about":[{"href":"https:\/\/citt-bio.madrimasd.org\/index.php\/wp-json\/wp\/v2\/types\/page"}],"author":[{"embeddable":true,"href":"https:\/\/citt-bio.madrimasd.org\/index.php\/wp-json\/wp\/v2\/users\/3"}],"replies":[{"embeddable":true,"href":"https:\/\/citt-bio.madrimasd.org\/index.php\/wp-json\/wp\/v2\/comments?post=1032"}],"version-history":[{"count":7,"href":"https:\/\/citt-bio.madrimasd.org\/index.php\/wp-json\/wp\/v2\/pages\/1032\/revisions"}],"predecessor-version":[{"id":1049,"href":"https:\/\/citt-bio.madrimasd.org\/index.php\/wp-json\/wp\/v2\/pages\/1032\/revisions\/1049"}],"up":[{"embeddable":true,"href":"https:\/\/citt-bio.madrimasd.org\/index.php\/wp-json\/wp\/v2\/pages\/162"}],"wp:attachment":[{"href":"https:\/\/citt-bio.madrimasd.org\/index.php\/wp-json\/wp\/v2\/media?parent=1032"}],"curies":[{"name":"wp","href":"https:\/\/api.w.org\/{rel}","templated":true}]}}