{"id":1254,"date":"2024-05-31T16:55:36","date_gmt":"2024-05-31T14:55:36","guid":{"rendered":"https:\/\/citt-bio.madrimasd.org\/?page_id=1254"},"modified":"2024-05-31T16:55:36","modified_gmt":"2024-05-31T14:55:36","slug":"el-citt-bio-organiza-un-webinar-informativo-sobre-aspectos-regulatorios-clave-para-el-desarrollo-de-productos-biotecnologicos","status":"publish","type":"page","link":"https:\/\/citt-bio.madrimasd.org\/index.php\/noticias\/el-citt-bio-organiza-un-webinar-informativo-sobre-aspectos-regulatorios-clave-para-el-desarrollo-de-productos-biotecnologicos\/","title":{"rendered":"El CITT-BIO organiza un webinar informativo sobre aspectos regulatorios clave para el desarrollo de productos biotecnol\u00f3gicos"},"content":{"rendered":"\n<figure class=\"wp-block-image aligncenter size-full\"><img loading=\"lazy\" decoding=\"async\" width=\"1659\" height=\"915\" src=\"http:\/\/citt-bio.madrimasd.org\/wp-content\/uploads\/2024\/05\/Imagen-portada.png\" alt=\"\" class=\"wp-image-1251\" srcset=\"https:\/\/citt-bio.madrimasd.org\/wp-content\/uploads\/2024\/05\/Imagen-portada.png 1659w, https:\/\/citt-bio.madrimasd.org\/wp-content\/uploads\/2024\/05\/Imagen-portada-300x165.png 300w, https:\/\/citt-bio.madrimasd.org\/wp-content\/uploads\/2024\/05\/Imagen-portada-1024x565.png 1024w, https:\/\/citt-bio.madrimasd.org\/wp-content\/uploads\/2024\/05\/Imagen-portada-768x424.png 768w, https:\/\/citt-bio.madrimasd.org\/wp-content\/uploads\/2024\/05\/Imagen-portada-1536x847.png 1536w\" sizes=\"auto, (max-width: 1659px) 100vw, 1659px\" \/><\/figure>\n\n\n\n<div style=\"height:30px\" aria-hidden=\"true\" class=\"wp-block-spacer\"><\/div>\n\n\n\n<p>Madrid, 29 de mayo de 2024 \u2013 El Cl\u00faster de la Comunidad de Madrid CITT-BIO, ha organizado este pasado mi\u00e9rcoles, una sesi\u00f3n informativa sobre aspectos regulatorios clave para el desarrollo de productos biotecnol\u00f3gicos, en formato online, dirigida a todas las entidades miembro del cl\u00faster.<\/p>\n\n\n\n<p>La sesi\u00f3n, organizada por el CITT-BIO con el apoyo de la secretar\u00eda t\u00e9cnica ha sido impartida por Andrea Romero, socia fundadora de <strong>Konexio Biotech<\/strong>, empresa miembro del cl\u00faster.<\/p>\n\n\n\n<p>Durante la did\u00e1ctica sesi\u00f3n se revisaron los aspectos mas importantes para canalizar las innovaciones y desarrollos y conseguir que lleguen a los pacientes en el menor tiempo posible. Para ello, se hizo una revisi\u00f3n de los distintos tipos de proyectos biotech y las caracter\u00edsticas normativas que los diferencian.<\/p>\n\n\n\n<p>Adem\u00e1s, se analiz\u00f3 el marco normativo para poder identificar r\u00e1pidamente la estrategia regulatoria a seguir para los distintos productos biotecnol\u00f3gicos. Finalmente, se vio la importancia de este conocimiento regulatorio no solo en la llegada de los productos a los pacientes si no en la importancia que tiene en las fases iniciales del desarrollo para la b\u00fasqueda de financiaci\u00f3n.<\/p>\n\n\n\n<p>La sesi\u00f3n cont\u00f3 con la participaci\u00f3n de m\u00e1s de 60 asistentes de diversas entidades, que al final de la sesi\u00f3n tuvieron la oportunidad de resolver sus cuestiones.<\/p>\n\n\n\n<p>En nuestro compromiso con el sector biotecnol\u00f3gico, desde el cl\u00faster CITT-BIO seguimos buscando la promoci\u00f3n de iniciativas que susciten inter\u00e9s entre sus miembros. Por ello, invitamos a los miembros del cl\u00faster a compartir su opini\u00f3n y sugerencias para seguir mejorando y adecuando las actividades del CITT-BIO a sus miembros<\/p>\n\n\n\n<p class=\"has-palette-color-5-background-color has-background\" style=\"font-size:clamp(14px, 0.875rem + ((1vw - 3.2px) * 0.469), 20px);\"><strong>Si quiere conocer m\u00e1s sobre este y otros webinars del CITT-BIO, <a href=\"https:\/\/citt-bio.madrimasd.org\/index.php\/contacto\/\" data-type=\"link\" data-id=\"https:\/\/citt-bio.madrimasd.org\/index.php\/contacto\/\" target=\"_blank\" rel=\"noreferrer noopener\">contacte<\/a> a la secretar\u00eda t\u00e9cnica para obtener m\u00e1s informaci\u00f3n.<\/strong><\/p>\n\n\n\n<div style=\"height:100px\" aria-hidden=\"true\" class=\"wp-block-spacer\"><\/div>\n","protected":false},"excerpt":{"rendered":"<p>Madrid, 29 de mayo de 2024 \u2013 El Cl\u00faster de la Comunidad de Madrid CITT-BIO, ha organizado este pasado mi\u00e9rcoles, una sesi\u00f3n informativa sobre aspectos regulatorios clave para el desarrollo de productos biotecnol\u00f3gicos, en formato online, dirigida a todas las entidades miembro del cl\u00faster. La sesi\u00f3n, organizada por el CITT-BIO con el apoyo de la [&hellip;]<\/p>\n","protected":false},"author":3,"featured_media":0,"parent":162,"menu_order":1,"comment_status":"closed","ping_status":"closed","template":"","meta":{"_acf_changed":false,"_mc_calendar":[],"footnotes":""},"class_list":["post-1254","page","type-page","status-publish","hentry"],"blocksy_meta":[],"acf":[],"_links":{"self":[{"href":"https:\/\/citt-bio.madrimasd.org\/index.php\/wp-json\/wp\/v2\/pages\/1254","targetHints":{"allow":["GET"]}}],"collection":[{"href":"https:\/\/citt-bio.madrimasd.org\/index.php\/wp-json\/wp\/v2\/pages"}],"about":[{"href":"https:\/\/citt-bio.madrimasd.org\/index.php\/wp-json\/wp\/v2\/types\/page"}],"author":[{"embeddable":true,"href":"https:\/\/citt-bio.madrimasd.org\/index.php\/wp-json\/wp\/v2\/users\/3"}],"replies":[{"embeddable":true,"href":"https:\/\/citt-bio.madrimasd.org\/index.php\/wp-json\/wp\/v2\/comments?post=1254"}],"version-history":[{"count":1,"href":"https:\/\/citt-bio.madrimasd.org\/index.php\/wp-json\/wp\/v2\/pages\/1254\/revisions"}],"predecessor-version":[{"id":1255,"href":"https:\/\/citt-bio.madrimasd.org\/index.php\/wp-json\/wp\/v2\/pages\/1254\/revisions\/1255"}],"up":[{"embeddable":true,"href":"https:\/\/citt-bio.madrimasd.org\/index.php\/wp-json\/wp\/v2\/pages\/162"}],"wp:attachment":[{"href":"https:\/\/citt-bio.madrimasd.org\/index.php\/wp-json\/wp\/v2\/media?parent=1254"}],"curies":[{"name":"wp","href":"https:\/\/api.w.org\/{rel}","templated":true}]}}