{"id":451,"date":"2023-07-17T13:32:56","date_gmt":"2023-07-17T13:32:56","guid":{"rendered":"https:\/\/citt-bio.madrimasd.org\/?page_id=451"},"modified":"2024-01-31T11:24:23","modified_gmt":"2024-01-31T09:24:23","slug":"el-citt-bio-inicia-su-andadura-congregando-a-representantes-de-todas-las-entidades-participantes-en-la-primera-reunion-general","status":"publish","type":"page","link":"https:\/\/citt-bio.madrimasd.org\/index.php\/noticias\/el-citt-bio-inicia-su-andadura-congregando-a-representantes-de-todas-las-entidades-participantes-en-la-primera-reunion-general\/","title":{"rendered":"El CITT-BIO inicia su andadura congregando a representantes de todas las entidades participantes en la primera reuni\u00f3n general"},"content":{"rendered":"\n<p>Madrid, 10 de julio de 2023 &#8211; Se ha celebrado la primera reuni\u00f3n de todos los miembros adheridos al <strong>Cl\u00faster de Innovaci\u00f3n Tecnol\u00f3gica y Talento en Tecnolog\u00edas Biom\u00e9dicas y Biotecnolog\u00eda (CITT-BIO),<\/strong> cl\u00faster gestionado por la Fundaci\u00f3n para el conocimiento Madri+d. La promoci\u00f3n de la ciencia, la generaci\u00f3n de riqueza en la Comunidad de Madrid y la creaci\u00f3n de eficiencia, han sido las tres l\u00edneas estrat\u00e9gicas presentadas por <strong>Javier Col\u00e1s<\/strong>, director del CITT-BIO, y <strong>Jos\u00e9 Manuel Gonz\u00e1lez<\/strong>, co-director del mismo.<\/p>\n\n\n\n<div class=\"wp-block-columns is-layout-flex wp-container-core-columns-is-layout-28f84493 wp-block-columns-is-layout-flex\">\n<div class=\"wp-block-column is-layout-flow wp-block-column-is-layout-flow\" style=\"flex-basis:33.33%\">\n<figure class=\"wp-block-image size-full\"><img loading=\"lazy\" decoding=\"async\" width=\"960\" height=\"720\" src=\"http:\/\/citt-bio.madrimasd.org\/wp-content\/uploads\/2023\/07\/10julio_02.png\" alt=\"\" class=\"wp-image-459\"\/><\/figure>\n\n\n\n<p class=\"has-small-font-size\"><em><strong>De izquierda a derecha: Ricardo Ramos, Vicente Parra, Javier Col\u00e1s y Jose Manuel Gonz\u00e1lez<\/strong><\/em><\/p>\n<\/div>\n\n\n\n<div class=\"wp-block-column is-layout-flow wp-block-column-is-layout-flow\" style=\"flex-basis:66.66%\">\n<p>Asistieron al evento, celebrado en el <strong>Instituto IMDEA Alimentaci\u00f3n<\/strong>, representantes de las distintas entidades que pertenecen al cl\u00faster, como empresas, institutos de investigaci\u00f3n sanitaria y centros de investigaci\u00f3n, universidades, parques cient\u00edfico-tecnol\u00f3gicos, administraciones p\u00fablicas y asociaciones empresariales.<\/p>\n\n\n\n<p>Los directores del cl\u00faster CITT-BIO fueron acompa\u00f1ados por <strong>Ricardo Ramos<\/strong>, en representaci\u00f3n del Parque Cient\u00edfico de Madrid y <strong>Vicente Parras<\/strong>, Subdirector General de Innovaci\u00f3n Tecnol\u00f3gica. Ambos dieron la bienvenida a todos los asistentes y expresaron su agradecimiento por su compromiso e implicaci\u00f3n en esta iniciativa.<\/p>\n\n\n\n<p>Durante la presentaci\u00f3n, liderada por el director Javier Col\u00e1s, se destac\u00f3 <strong>la relevancia del cl\u00faster para aprovechar las capacidades de la Comunidad de Madrid<\/strong> en el sector de las tecnolog\u00edas biom\u00e9dicas y biotecnol\u00f3gicas. Para ello, es imprescindible conocer las necesidades e intereses de los diversos agentes del sector para desarrollar, comercializar e implementar las soluciones innovadoras en este campo. Tambi\u00e9n se detallaron las l\u00edneas estrat\u00e9gicas del cl\u00faster, los objetivos y las actividades que se pretenden llevar a cabo en los pr\u00f3ximos meses.<\/p>\n<\/div>\n<\/div>\n\n\n\n<p>Entre los objetivos que tiene el cl\u00faster, el director resalt\u00f3 la importancia de la <strong>promoci\u00f3n de la ciencia<\/strong> para <strong>la generaci\u00f3n de tejido industrial y generaci\u00f3n de riqueza<\/strong> en la regi\u00f3n. Col\u00e1s destac\u00f3 que es necesario mejorar la comunicaci\u00f3n y colaboraci\u00f3n entre las distintas entidades del ecosistema madrile\u00f1o. Destaca que \u201c<em>existe un problema cuando las inversiones en ciencia no llegan a convertirse en tejido industrial y las soluciones innovadoras no se comercializan o no se incorporan en el sistema p\u00fablico de salud<\/em>\u201d.<\/p>\n\n\n\n<div class=\"wp-block-columns is-layout-flex wp-container-core-columns-is-layout-28f84493 wp-block-columns-is-layout-flex\">\n<div class=\"wp-block-column is-layout-flow wp-block-column-is-layout-flow\">\n<p>Adem\u00e1s, incidi\u00f3 en que las predicciones para 2030 indican que la esperanza de vida ser\u00e1 mayor y muchas de las enfermedades que ahora son letales se convertir\u00e1n en cr\u00f3nicas, lo cual pone en peligro la sostenibilidad del sistema p\u00fablico de salud. En su intervenci\u00f3n apunt\u00f3 que \u201c<em>es necesario aumentar la <strong>eficiencia del sistema p\u00fablico<\/strong>, mediante el desarrollo e implementaci\u00f3n de soluciones innovadoras que resuelvan los retos actuales y futuros a trav\u00e9s de la promoci\u00f3n de la ciencia y la innovaci\u00f3n<\/em>\u201d.<\/p>\n\n\n\n<p>El cl\u00faster, por tanto, debe contribuir a establecer las <strong>v\u00edas de comunicaci\u00f3n adecuadas<\/strong> que favorezcan la interacci\u00f3n de los distintos agentes del ecosistema, que permita detectar las necesidades m\u00e1s urgentes y generar productos o soluciones que lleguen al mercado para mejorar as\u00ed la eficiencia del Sistema Nacional de Salud.<\/p>\n\n\n\n<p>Entre las <strong>actividades<\/strong> a llevar a cabo por los miembros del cl\u00faster, se ha destacado la identificaci\u00f3n de los retos y necesidades del sector salud, el impulso de proyectos para la atracci\u00f3n y captaci\u00f3n de financiaci\u00f3n, as\u00ed como, la dinamizaci\u00f3n de investigaciones cient\u00edficas y proyectos innovadores. A ello, Col\u00e1s a\u00f1adi\u00f3 que \u201c<em>es importante que los investigadores conozcan cu\u00e1les son los problemas reales, no solo las necesidades cl\u00ednicas no cubiertas<\/em>\u201d. Por otro lado, el director del CITT-BIO anunci\u00f3 que \u201c<em>ya se han empezado a discutir &lt;&lt;quick wins>> (soluciones rentables, de baja complejidad y de baja inversi\u00f3n que generan resultados tangibles en un corto per\u00edodo de tiempo) que puedan dar resultados en el corto plazo<\/em>\u201d.<\/p>\n<\/div>\n\n\n\n<div class=\"wp-block-column is-layout-flow wp-block-column-is-layout-flow\">\n<figure class=\"wp-block-image size-full\"><img loading=\"lazy\" decoding=\"async\" width=\"960\" height=\"720\" src=\"http:\/\/citt-bio.madrimasd.org\/wp-content\/uploads\/2023\/07\/10julio_03.png\" alt=\"\" class=\"wp-image-457\" srcset=\"https:\/\/citt-bio.madrimasd.org\/wp-content\/uploads\/2023\/07\/10julio_03.png 960w, https:\/\/citt-bio.madrimasd.org\/wp-content\/uploads\/2023\/07\/10julio_03-300x225.png 300w, https:\/\/citt-bio.madrimasd.org\/wp-content\/uploads\/2023\/07\/10julio_03-768x576.png 768w\" sizes=\"auto, (max-width: 960px) 100vw, 960px\" \/><\/figure>\n\n\n\n<p class=\"has-small-font-size\"><em><strong>Javier Col\u00e1s, director del CITT-BIO<\/strong><\/em><\/p>\n<\/div>\n<\/div>\n\n\n\n<p>La Secretar\u00eda T\u00e9cnica, gestionada por <strong>BioInnova Consulting,<\/strong> ofreci\u00f3 una visi\u00f3n de la situaci\u00f3n actual del cl\u00faster, las entidades participantes y un an\u00e1lisis de sus capacidades, ofertas y demandas. En relaci\u00f3n a los miembros adheridos, se hizo un llamamiento a que m\u00e1s entidades, tanto p\u00fablicas como privadas, se unan al cl\u00faster CITT-BIO para fortalecer las relaciones y colaboraciones y alcanzar los objetivos planteados.<\/p>\n\n\n\n<figure class=\"wp-block-image aligncenter size-full\"><img loading=\"lazy\" decoding=\"async\" width=\"960\" height=\"720\" src=\"http:\/\/citt-bio.madrimasd.org\/wp-content\/uploads\/2023\/07\/10julio_01.png\" alt=\"\" class=\"wp-image-458\" srcset=\"https:\/\/citt-bio.madrimasd.org\/wp-content\/uploads\/2023\/07\/10julio_01.png 960w, https:\/\/citt-bio.madrimasd.org\/wp-content\/uploads\/2023\/07\/10julio_01-300x225.png 300w, https:\/\/citt-bio.madrimasd.org\/wp-content\/uploads\/2023\/07\/10julio_01-768x576.png 768w\" sizes=\"auto, (max-width: 960px) 100vw, 960px\" \/><\/figure>\n\n\n\n<p class=\"has-text-align-center has-small-font-size\"><em><strong>Rodolfo Moreno, de la Secretaria T\u00e9cnica, explicando la situaci\u00f3n actual del CITT-BIO<\/strong><\/em><\/p>\n\n\n\n<div style=\"height:100px\" aria-hidden=\"true\" class=\"wp-block-spacer\"><\/div>\n\n\n\n<div class=\"wp-block-columns is-layout-flex wp-container-core-columns-is-layout-28f84493 wp-block-columns-is-layout-flex\">\n<div class=\"wp-block-column is-layout-flow wp-block-column-is-layout-flow\">\n<figure class=\"wp-block-image size-full\"><img loading=\"lazy\" decoding=\"async\" width=\"960\" height=\"720\" src=\"https:\/\/citt-bio.madrimasd.org\/wp-content\/uploads\/2023\/07\/10julio_10mini.png\" alt=\"\" class=\"wp-image-466\" srcset=\"https:\/\/citt-bio.madrimasd.org\/wp-content\/uploads\/2023\/07\/10julio_10mini.png 960w, https:\/\/citt-bio.madrimasd.org\/wp-content\/uploads\/2023\/07\/10julio_10mini-300x225.png 300w, https:\/\/citt-bio.madrimasd.org\/wp-content\/uploads\/2023\/07\/10julio_10mini-768x576.png 768w\" sizes=\"auto, (max-width: 960px) 100vw, 960px\" \/><\/figure>\n<\/div>\n\n\n\n<div class=\"wp-block-column is-layout-flow wp-block-column-is-layout-flow\">\n<figure class=\"wp-block-image size-full\"><img loading=\"lazy\" decoding=\"async\" width=\"960\" height=\"720\" src=\"https:\/\/citt-bio.madrimasd.org\/wp-content\/uploads\/2023\/07\/10julio_04mini.png\" alt=\"\" class=\"wp-image-460\" srcset=\"https:\/\/citt-bio.madrimasd.org\/wp-content\/uploads\/2023\/07\/10julio_04mini.png 960w, https:\/\/citt-bio.madrimasd.org\/wp-content\/uploads\/2023\/07\/10julio_04mini-300x225.png 300w, https:\/\/citt-bio.madrimasd.org\/wp-content\/uploads\/2023\/07\/10julio_04mini-768x576.png 768w\" sizes=\"auto, (max-width: 960px) 100vw, 960px\" \/><\/figure>\n<\/div>\n\n\n\n<div class=\"wp-block-column is-layout-flow wp-block-column-is-layout-flow\">\n<figure class=\"wp-block-image size-full\"><img loading=\"lazy\" decoding=\"async\" width=\"960\" height=\"720\" src=\"https:\/\/citt-bio.madrimasd.org\/wp-content\/uploads\/2023\/07\/10julio_05mini.png\" alt=\"\" class=\"wp-image-462\" srcset=\"https:\/\/citt-bio.madrimasd.org\/wp-content\/uploads\/2023\/07\/10julio_05mini.png 960w, https:\/\/citt-bio.madrimasd.org\/wp-content\/uploads\/2023\/07\/10julio_05mini-300x225.png 300w, https:\/\/citt-bio.madrimasd.org\/wp-content\/uploads\/2023\/07\/10julio_05mini-768x576.png 768w\" sizes=\"auto, (max-width: 960px) 100vw, 960px\" \/><\/figure>\n<\/div>\n<\/div>\n\n\n\n<div class=\"wp-block-columns is-layout-flex wp-container-core-columns-is-layout-28f84493 wp-block-columns-is-layout-flex\">\n<div class=\"wp-block-column is-layout-flow wp-block-column-is-layout-flow\">\n<figure class=\"wp-block-image size-full\"><img loading=\"lazy\" decoding=\"async\" width=\"960\" height=\"720\" src=\"http:\/\/citt-bio.madrimasd.org\/wp-content\/uploads\/2023\/07\/10julio_08mini.png\" alt=\"\" class=\"wp-image-463\"\/><\/figure>\n<\/div>\n\n\n\n<div class=\"wp-block-column is-layout-flow wp-block-column-is-layout-flow\">\n<figure class=\"wp-block-image size-full\"><img loading=\"lazy\" decoding=\"async\" width=\"960\" height=\"720\" src=\"http:\/\/citt-bio.madrimasd.org\/wp-content\/uploads\/2023\/07\/10julio_09mini.png\" alt=\"\" class=\"wp-image-464\"\/><\/figure>\n<\/div>\n\n\n\n<div class=\"wp-block-column is-layout-flow wp-block-column-is-layout-flow\">\n<figure class=\"wp-block-image size-full\"><img loading=\"lazy\" decoding=\"async\" width=\"960\" height=\"720\" src=\"https:\/\/citt-bio.madrimasd.org\/wp-content\/uploads\/2023\/07\/10julio_06mini.png\" alt=\"\" class=\"wp-image-465\" srcset=\"https:\/\/citt-bio.madrimasd.org\/wp-content\/uploads\/2023\/07\/10julio_06mini.png 960w, https:\/\/citt-bio.madrimasd.org\/wp-content\/uploads\/2023\/07\/10julio_06mini-300x225.png 300w, https:\/\/citt-bio.madrimasd.org\/wp-content\/uploads\/2023\/07\/10julio_06mini-768x576.png 768w\" sizes=\"auto, (max-width: 960px) 100vw, 960px\" \/><\/figure>\n<\/div>\n<\/div>\n\n\n\n<p class=\"has-text-align-center has-small-font-size\"><strong><em>Tiempo para la interacci\u00f3n una vez finalizada la reuni\u00f3n<\/em><\/strong><\/p>\n","protected":false},"excerpt":{"rendered":"<p>Madrid, 10 de julio de 2023 &#8211; Se ha celebrado la primera reuni\u00f3n de todos los miembros adheridos al Cl\u00faster de Innovaci\u00f3n Tecnol\u00f3gica y Talento en Tecnolog\u00edas Biom\u00e9dicas y Biotecnolog\u00eda (CITT-BIO), cl\u00faster gestionado por la Fundaci\u00f3n para el conocimiento Madri+d. La promoci\u00f3n de la ciencia, la generaci\u00f3n de riqueza en la Comunidad de Madrid y [&hellip;]<\/p>\n","protected":false},"author":3,"featured_media":0,"parent":162,"menu_order":1,"comment_status":"closed","ping_status":"closed","template":"","meta":{"_acf_changed":false,"_mc_calendar":[],"footnotes":""},"class_list":["post-451","page","type-page","status-publish","hentry"],"blocksy_meta":[],"acf":[],"_links":{"self":[{"href":"https:\/\/citt-bio.madrimasd.org\/index.php\/wp-json\/wp\/v2\/pages\/451","targetHints":{"allow":["GET"]}}],"collection":[{"href":"https:\/\/citt-bio.madrimasd.org\/index.php\/wp-json\/wp\/v2\/pages"}],"about":[{"href":"https:\/\/citt-bio.madrimasd.org\/index.php\/wp-json\/wp\/v2\/types\/page"}],"author":[{"embeddable":true,"href":"https:\/\/citt-bio.madrimasd.org\/index.php\/wp-json\/wp\/v2\/users\/3"}],"replies":[{"embeddable":true,"href":"https:\/\/citt-bio.madrimasd.org\/index.php\/wp-json\/wp\/v2\/comments?post=451"}],"version-history":[{"count":4,"href":"https:\/\/citt-bio.madrimasd.org\/index.php\/wp-json\/wp\/v2\/pages\/451\/revisions"}],"predecessor-version":[{"id":469,"href":"https:\/\/citt-bio.madrimasd.org\/index.php\/wp-json\/wp\/v2\/pages\/451\/revisions\/469"}],"up":[{"embeddable":true,"href":"https:\/\/citt-bio.madrimasd.org\/index.php\/wp-json\/wp\/v2\/pages\/162"}],"wp:attachment":[{"href":"https:\/\/citt-bio.madrimasd.org\/index.php\/wp-json\/wp\/v2\/media?parent=451"}],"curies":[{"name":"wp","href":"https:\/\/api.w.org\/{rel}","templated":true}]}}

El CITT-BIO inicia su andadura congregando a representantes de todas las entidades participantes en la primera reunión general

<p>Madrid, 10 de julio de 2023 &#8211; Se ha celebrado la primera reunión de todos los miembros adheridos al <strong>Clúster de Innovación Tecnológica y Talento en Tecnologías Biomédicas y Biotecnología (CITT-BIO),</strong> clúster gestionado por la Fundación para el conocimiento Madri+d. La promoción de la ciencia, la generación de riqueza en la Comunidad de Madrid y la creación de eficiencia, han sido las tres líneas estratégicas presentadas por <strong>Javier Colás</strong>, director del CITT-BIO, y <strong>José Manuel González</strong>, co-director del mismo.</p>



<div class="wp-block-columns is-layout-flex wp-container-core-columns-is-layout-28f84493 wp-block-columns-is-layout-flex">
<div class="wp-block-column is-layout-flow wp-block-column-is-layout-flow" style="flex-basis:33.33%">
<figure class="wp-block-image size-full"><img loading="lazy" decoding="async" width="960" height="720" src="http://citt-bio.madrimasd.org/wp-content/uploads/2023/07/10julio_02.png" alt="" class="wp-image-459"/></figure>



<p class="has-small-font-size"><em><strong>De izquierda a derecha: Ricardo Ramos, Vicente Parra, Javier Colás y Jose Manuel González</strong></em></p>
</div>



<div class="wp-block-column is-layout-flow wp-block-column-is-layout-flow" style="flex-basis:66.66%">
<p>Asistieron al evento, celebrado en el <strong>Instituto IMDEA Alimentación</strong>, representantes de las distintas entidades que pertenecen al clúster, como empresas, institutos de investigación sanitaria y centros de investigación, universidades, parques científico-tecnológicos, administraciones públicas y asociaciones empresariales.</p>



<p>Los directores del clúster CITT-BIO fueron acompañados por <strong>Ricardo Ramos</strong>, en representación del Parque Científico de Madrid y <strong>Vicente Parras</strong>, Subdirector General de Innovación Tecnológica. Ambos dieron la bienvenida a todos los asistentes y expresaron su agradecimiento por su compromiso e implicación en esta iniciativa.</p>



<p>Durante la presentación, liderada por el director Javier Colás, se destacó <strong>la relevancia del clúster para aprovechar las capacidades de la Comunidad de Madrid</strong> en el sector de las tecnologías biomédicas y biotecnológicas. Para ello, es imprescindible conocer las necesidades e intereses de los diversos agentes del sector para desarrollar, comercializar e implementar las soluciones innovadoras en este campo. También se detallaron las líneas estratégicas del clúster, los objetivos y las actividades que se pretenden llevar a cabo en los próximos meses.</p>
</div>
</div>



<p>Entre los objetivos que tiene el clúster, el director resaltó la importancia de la <strong>promoción de la ciencia</strong> para <strong>la generación de tejido industrial y generación de riqueza</strong> en la región. Colás destacó que es necesario mejorar la comunicación y colaboración entre las distintas entidades del ecosistema madrileño. Destaca que “<em>existe un problema cuando las inversiones en ciencia no llegan a convertirse en tejido industrial y las soluciones innovadoras no se comercializan o no se incorporan en el sistema público de salud</em>”.</p>



<div class="wp-block-columns is-layout-flex wp-container-core-columns-is-layout-28f84493 wp-block-columns-is-layout-flex">
<div class="wp-block-column is-layout-flow wp-block-column-is-layout-flow">
<p>Además, incidió en que las predicciones para 2030 indican que la esperanza de vida será mayor y muchas de las enfermedades que ahora son letales se convertirán en crónicas, lo cual pone en peligro la sostenibilidad del sistema público de salud. En su intervención apuntó que “<em>es necesario aumentar la <strong>eficiencia del sistema público</strong>, mediante el desarrollo e implementación de soluciones innovadoras que resuelvan los retos actuales y futuros a través de la promoción de la ciencia y la innovación</em>”.</p>



<p>El clúster, por tanto, debe contribuir a establecer las <strong>vías de comunicación adecuadas</strong> que favorezcan la interacción de los distintos agentes del ecosistema, que permita detectar las necesidades más urgentes y generar productos o soluciones que lleguen al mercado para mejorar así la eficiencia del Sistema Nacional de Salud.</p>



<p>Entre las <strong>actividades</strong> a llevar a cabo por los miembros del clúster, se ha destacado la identificación de los retos y necesidades del sector salud, el impulso de proyectos para la atracción y captación de financiación, así como, la dinamización de investigaciones científicas y proyectos innovadores. A ello, Colás añadió que “<em>es importante que los investigadores conozcan cuáles son los problemas reales, no solo las necesidades clínicas no cubiertas</em>”. Por otro lado, el director del CITT-BIO anunció que “<em>ya se han empezado a discutir &lt;&lt;quick wins>> (soluciones rentables, de baja complejidad y de baja inversión que generan resultados tangibles en un corto período de tiempo) que puedan dar resultados en el corto plazo</em>”.</p>
</div>



<div class="wp-block-column is-layout-flow wp-block-column-is-layout-flow">
<figure class="wp-block-image size-full"><img loading="lazy" decoding="async" width="960" height="720" src="http://citt-bio.madrimasd.org/wp-content/uploads/2023/07/10julio_03.png" alt="" class="wp-image-457" srcset="https://citt-bio.madrimasd.org/wp-content/uploads/2023/07/10julio_03.png 960w, https://citt-bio.madrimasd.org/wp-content/uploads/2023/07/10julio_03-300x225.png 300w, https://citt-bio.madrimasd.org/wp-content/uploads/2023/07/10julio_03-768x576.png 768w" sizes="auto, (max-width: 960px) 100vw, 960px" /></figure>



<p class="has-small-font-size"><em><strong>Javier Colás, director del CITT-BIO</strong></em></p>
</div>
</div>



<p>La Secretaría Técnica, gestionada por <strong>BioInnova Consulting,</strong> ofreció una visión de la situación actual del clúster, las entidades participantes y un análisis de sus capacidades, ofertas y demandas. En relación a los miembros adheridos, se hizo un llamamiento a que más entidades, tanto públicas como privadas, se unan al clúster CITT-BIO para fortalecer las relaciones y colaboraciones y alcanzar los objetivos planteados.</p>



<figure class="wp-block-image aligncenter size-full"><img loading="lazy" decoding="async" width="960" height="720" src="http://citt-bio.madrimasd.org/wp-content/uploads/2023/07/10julio_01.png" alt="" class="wp-image-458" srcset="https://citt-bio.madrimasd.org/wp-content/uploads/2023/07/10julio_01.png 960w, https://citt-bio.madrimasd.org/wp-content/uploads/2023/07/10julio_01-300x225.png 300w, https://citt-bio.madrimasd.org/wp-content/uploads/2023/07/10julio_01-768x576.png 768w" sizes="auto, (max-width: 960px) 100vw, 960px" /></figure>



<p class="has-text-align-center has-small-font-size"><em><strong>Rodolfo Moreno, de la Secretaria Técnica, explicando la situación actual del CITT-BIO</strong></em></p>



<div style="height:100px" aria-hidden="true" class="wp-block-spacer"></div>



<div class="wp-block-columns is-layout-flex wp-container-core-columns-is-layout-28f84493 wp-block-columns-is-layout-flex">
<div class="wp-block-column is-layout-flow wp-block-column-is-layout-flow">
<figure class="wp-block-image size-full"><img loading="lazy" decoding="async" width="960" height="720" src="https://citt-bio.madrimasd.org/wp-content/uploads/2023/07/10julio_10mini.png" alt="" class="wp-image-466" srcset="https://citt-bio.madrimasd.org/wp-content/uploads/2023/07/10julio_10mini.png 960w, https://citt-bio.madrimasd.org/wp-content/uploads/2023/07/10julio_10mini-300x225.png 300w, https://citt-bio.madrimasd.org/wp-content/uploads/2023/07/10julio_10mini-768x576.png 768w" sizes="auto, (max-width: 960px) 100vw, 960px" /></figure>
</div>



<div class="wp-block-column is-layout-flow wp-block-column-is-layout-flow">
<figure class="wp-block-image size-full"><img loading="lazy" decoding="async" width="960" height="720" src="https://citt-bio.madrimasd.org/wp-content/uploads/2023/07/10julio_04mini.png" alt="" class="wp-image-460" srcset="https://citt-bio.madrimasd.org/wp-content/uploads/2023/07/10julio_04mini.png 960w, https://citt-bio.madrimasd.org/wp-content/uploads/2023/07/10julio_04mini-300x225.png 300w, https://citt-bio.madrimasd.org/wp-content/uploads/2023/07/10julio_04mini-768x576.png 768w" sizes="auto, (max-width: 960px) 100vw, 960px" /></figure>
</div>



<div class="wp-block-column is-layout-flow wp-block-column-is-layout-flow">
<figure class="wp-block-image size-full"><img loading="lazy" decoding="async" width="960" height="720" src="https://citt-bio.madrimasd.org/wp-content/uploads/2023/07/10julio_05mini.png" alt="" class="wp-image-462" srcset="https://citt-bio.madrimasd.org/wp-content/uploads/2023/07/10julio_05mini.png 960w, https://citt-bio.madrimasd.org/wp-content/uploads/2023/07/10julio_05mini-300x225.png 300w, https://citt-bio.madrimasd.org/wp-content/uploads/2023/07/10julio_05mini-768x576.png 768w" sizes="auto, (max-width: 960px) 100vw, 960px" /></figure>
</div>
</div>



<div class="wp-block-columns is-layout-flex wp-container-core-columns-is-layout-28f84493 wp-block-columns-is-layout-flex">
<div class="wp-block-column is-layout-flow wp-block-column-is-layout-flow">
<figure class="wp-block-image size-full"><img loading="lazy" decoding="async" width="960" height="720" src="http://citt-bio.madrimasd.org/wp-content/uploads/2023/07/10julio_08mini.png" alt="" class="wp-image-463"/></figure>
</div>



<div class="wp-block-column is-layout-flow wp-block-column-is-layout-flow">
<figure class="wp-block-image size-full"><img loading="lazy" decoding="async" width="960" height="720" src="http://citt-bio.madrimasd.org/wp-content/uploads/2023/07/10julio_09mini.png" alt="" class="wp-image-464"/></figure>
</div>



<div class="wp-block-column is-layout-flow wp-block-column-is-layout-flow">
<figure class="wp-block-image size-full"><img loading="lazy" decoding="async" width="960" height="720" src="https://citt-bio.madrimasd.org/wp-content/uploads/2023/07/10julio_06mini.png" alt="" class="wp-image-465" srcset="https://citt-bio.madrimasd.org/wp-content/uploads/2023/07/10julio_06mini.png 960w, https://citt-bio.madrimasd.org/wp-content/uploads/2023/07/10julio_06mini-300x225.png 300w, https://citt-bio.madrimasd.org/wp-content/uploads/2023/07/10julio_06mini-768x576.png 768w" sizes="auto, (max-width: 960px) 100vw, 960px" /></figure>
</div>
</div>



<p class="has-text-align-center has-small-font-size"><strong><em>Tiempo para la interacción una vez finalizada la reunión</em></strong></p>

<p>Madrid, 10 de julio de 2023 &#8211; Se ha celebrado la primera reunión de todos los miembros adheridos al Clúster de Innovación Tecnológica y Talento en Tecnologías Biomédicas y Biotecnología (CITT-BIO), clúster gestionado por la Fundación para el conocimiento Madri+d. La promoción de la ciencia, la generación de riqueza en la Comunidad de Madrid y [&hellip;]</p>
