{"id":5,"date":"2023-06-15T10:53:51","date_gmt":"2023-06-15T10:53:51","guid":{"rendered":"http:\/\/citt-humanidadesdigitales.madrimasd.org\/?page_id=5"},"modified":"2026-01-19T11:36:07","modified_gmt":"2026-01-19T09:36:07","slug":"home","status":"publish","type":"page","link":"https:\/\/citt-bio.madrimasd.org\/","title":{"rendered":"Cl\u00faster de Innovaci\u00f3n Tecnol\u00f3gica y Talento en Tecnolog\u00edas Biom\u00e9dicas y Biotecnolog\u00eda"},"content":{"rendered":"\n<div style=\"height:43px\" aria-hidden=\"true\" class=\"wp-block-spacer\"><\/div>\n\n\n\n\t\t<!-- MasterSlider -->\n\t\t<div id=\"P_MS69f4a96e2e1cf\" class=\"master-slider-parent msl ms-parent-id-1\" style=\"max-width:80%;\">\n\n\t\t\t\n\t\t\t<!-- MasterSlider Main -->\n\t\t\t<div id=\"MS69f4a96e2e1cf\" class=\"master-slider ms-skin-light-3\" >\n\t\t\t\t \t\t\t\t \n\t\t\t\t<div  class=\"ms-slide\" data-delay=\"3\" data-fill-mode=\"fit\"  >\n\t\t\t\t\t<img decoding=\"async\" src=\"https:\/\/citt-bio.madrimasd.org\/wp-content\/plugins\/master-slider\/public\/assets\/css\/blank.gif\" alt=\"\" title=\"\" data-src=\"https:\/\/citt-bio.madrimasd.org\/wp-content\/uploads\/2024\/10\/semana-ciencia-CITTBIO-2024-1-1.png\" \/>\n\t<a href=\"https:\/\/citt-bio.madrimasd.org\/index.php\/noticias\/investigacion-y-desarrollo-de-nuevas-terapias-para-la-recuperacion-del-ictus\/\" target=\"_blank\"    ><\/a>\n\n\n\t<div class=\"ms-thumb\" ><div class=\"ms-tab-context\"><div class=&quot;ms-tab-context&quot;><\/div><\/div>\n<\/div>\n\t\t\t\t<\/div>\n\t\t\t\t<div  class=\"ms-slide\" data-delay=\"3\" data-fill-mode=\"fit\"  >\n\t\t\t\t\t<img decoding=\"async\" src=\"https:\/\/citt-bio.madrimasd.org\/wp-content\/plugins\/master-slider\/public\/assets\/css\/blank.gif\" alt=\"\" title=\"\" data-src=\"https:\/\/citt-bio.madrimasd.org\/wp-content\/uploads\/2024\/10\/PLANET25-CITTBIO.png\" \/>\n\t<a href=\"http:\/\/citt-bio.madrimasd.org\/wp-content\/uploads\/2024\/10\/PlaNET25_Madrid.pdf\" target=\"_blank\"    ><\/a>\n\n\n\t<div class=\"ms-thumb\" ><div class=\"ms-tab-context\"><div class=&quot;ms-tab-context&quot;><\/div><\/div>\n<\/div>\n\t\t\t\t<\/div>\n\t\t\t\t<div  class=\"ms-slide\" data-delay=\"2.5\" data-fill-mode=\"fit\"  >\n\t\t\t\t\t<img decoding=\"async\" src=\"https:\/\/citt-bio.madrimasd.org\/wp-content\/plugins\/master-slider\/public\/assets\/css\/blank.gif\" alt=\"\" title=\"\" data-src=\"https:\/\/citt-bio.madrimasd.org\/wp-content\/uploads\/2024\/01\/boletin.png\" \/>\n\t<a href=\"https:\/\/citt-bio.madrimasd.org\/index.php\/actividades\/noticias-convocatorias\/\"     ><\/a>\n\n\n\t<div class=\"ms-thumb\" ><div class=\"ms-tab-context\"><div class=&quot;ms-tab-context&quot;><\/div><\/div>\n<\/div>\n\t\t\t\t<\/div>\n\t\t\t\t<div  class=\"ms-slide\" data-delay=\"2.5\" data-fill-mode=\"fit\"  >\n\t\t\t\t\t<img decoding=\"async\" src=\"https:\/\/citt-bio.madrimasd.org\/wp-content\/plugins\/master-slider\/public\/assets\/css\/blank.gif\" alt=\"\" title=\"\" data-src=\"https:\/\/citt-bio.madrimasd.org\/wp-content\/uploads\/2023\/11\/emprendimiento-starups-cittbio.png\" \/>\n\t<a href=\"https:\/\/citt-bio.madrimasd.org\/index.php\/emprendimiento\/\"     ><\/a>\n\n\n\t<div class=\"ms-thumb\" ><div class=\"ms-tab-context\"><div class=&quot;ms-tab-context&quot;><\/div><\/div>\n<\/div>\n\t\t\t\t<\/div>\n\t\t\t\t<div  class=\"ms-slide\" data-delay=\"2.5\" data-fill-mode=\"fit\"  >\n\t\t\t\t\t<img decoding=\"async\" src=\"https:\/\/citt-bio.madrimasd.org\/wp-content\/plugins\/master-slider\/public\/assets\/css\/blank.gif\" alt=\"\" title=\"\" data-src=\"https:\/\/citt-bio.madrimasd.org\/wp-content\/uploads\/2023\/11\/unirse-al-cittbio2.png\" \/>\n\t<a href=\"https:\/\/citt-bio.madrimasd.org\/index.php\/home\/quiero-unirme-al-cluster\/\" target=\"_blank\"    ><\/a>\n\n\n\t<div class=\"ms-thumb\" ><div class=\"ms-tab-context\"><div class=&quot;ms-tab-context&quot;><\/div><\/div>\n<\/div>\n\t\t\t\t<\/div>\n\n\t\t\t<\/div>\n\t\t\t<!-- END MasterSlider Main -->\n\n\t\t\t \n\t\t<\/div>\n\t\t<!-- END MasterSlider -->\n\n\t\t<script>\n\t\t(function ( $ ) {\n\t\t\t\"use strict\";\n\n\t\t\t$(function () {\n\t\t\t\tvar masterslider_e1cf = new MasterSlider();\n\n\t\t\t\t\/\/ slider controls\n\t\t\t\tmasterslider_e1cf.control('arrows'     ,{ autohide:false, overVideo:true  });\t\t\t\tmasterslider_e1cf.control('bullets'    ,{ autohide:true, overVideo:true, dir:'h', align:'bottom' , margin:10  });\n\n\t\t\t\tmasterslider_e1cf.control('circletimer',{ autohide:false, overVideo:true, color:'#434343', radius:10, stroke:3   });\n\t\t\t\tmasterslider_e1cf.control('timebar'    ,{ autohide:false, overVideo:true, align:'bottom', color:'#FFFFFF'  , width:4 });\n\t\t\t\t\/\/ slider setup\n\t\t\t\tmasterslider_e1cf.setup(\"MS69f4a96e2e1cf\", {\n\t\t\t\t\t\twidth           : 1500,\n\t\t\t\t\t\theight          : 300,\n\t\t\t\t\t\tminHeight       : 0,\n\t\t\t\t\t\tspace           : 0,\n\t\t\t\t\t\tstart           : 1,\n\t\t\t\t\t\tgrabCursor      : true,\n\t\t\t\t\t\tswipe           : true,\n\t\t\t\t\t\tmouse           : true,\n\t\t\t\t\t\tlayout          : \"boxed\",\n\t\t\t\t\t\twheel           : false,\n\t\t\t\t\t\tautoplay        : true,\n\t\t\t\t\t\tinstantStartLayers:false,\n\t\t\t\t\t\tloop            : true,\n\t\t\t\t\t\tshuffle         : false,\n\t\t\t\t\t\tpreload         : 0,\n\t\t\t\t\t\theightLimit     : true,\n\t\t\t\t\t\tautoHeight      : false,\n\t\t\t\t\t\tsmoothHeight    : true,\n\t\t\t\t\t\tendPause        : false,\n\t\t\t\t\t\toverPause       : true,\n\t\t\t\t\t\tfillMode        : \"fill\",\n\t\t\t\t\t\tcenterControls  : true,\n\t\t\t\t\t\tstartOnAppear   : false,\n\t\t\t\t\t\tlayersMode      : \"center\",\n\t\t\t\t\t\thideLayers      : false,\n\t\t\t\t\t\tfullscreenMargin: 0,\n\t\t\t\t\t\tspeed           : 20,\n\t\t\t\t\t\tdir             : \"h\",\n\t\t\t\t\t\tparallaxMode    : 'swipe',\n\t\t\t\t\t\tview            : \"basic\"\n\t\t\t\t});\n\n\t\t\t\t\n\t\t\t\twindow.masterslider_instances = window.masterslider_instances || [];\n\t\t\t\twindow.masterslider_instances.push( masterslider_e1cf );\n\t\t\t });\n\n\t\t})(jQuery);\n\t\t<\/script>\n\n\n\n\n\n<div style=\"height:60px\" aria-hidden=\"true\" class=\"wp-block-spacer\"><\/div>\n\n\n\n<div class=\"wp-block-columns is-layout-flex wp-container-core-columns-is-layout-28f84493 wp-block-columns-is-layout-flex\">\n<div class=\"wp-block-column is-layout-flow wp-block-column-is-layout-flow\">\n<figure class=\"wp-block-image aligncenter size-large is-resized\"><img loading=\"lazy\" decoding=\"async\" width=\"1024\" height=\"521\" src=\"http:\/\/citt-bio.madrimasd.org\/wp-content\/uploads\/2023\/07\/logoCITTBIO-1024x521.png\" alt=\"\" class=\"wp-image-229\" style=\"width:497px;height:253px\" srcset=\"https:\/\/citt-bio.madrimasd.org\/wp-content\/uploads\/2023\/07\/logoCITTBIO-1024x521.png 1024w, https:\/\/citt-bio.madrimasd.org\/wp-content\/uploads\/2023\/07\/logoCITTBIO-300x153.png 300w, https:\/\/citt-bio.madrimasd.org\/wp-content\/uploads\/2023\/07\/logoCITTBIO-768x391.png 768w, https:\/\/citt-bio.madrimasd.org\/wp-content\/uploads\/2023\/07\/logoCITTBIO.png 1040w\" sizes=\"auto, (max-width: 1024px) 100vw, 1024px\" \/><\/figure>\n<\/div>\n\n\n\n<div class=\"wp-block-column is-layout-flow wp-block-column-is-layout-flow\">\n<h6 class=\"wp-block-heading\"><strong>El <\/strong>Cl\u00faster de Innovaci\u00f3n Tecnol\u00f3gica y Talento en Tecnolog\u00edas Biom\u00e9dicas y Biotecnolog\u00eda<strong> de la Comunidad de Madrid, constituido en el seno de la <\/strong>Fundaci\u00f3n para el Conocimiento Madri+d<strong>, es una plataforma que re\u00fane a la comunidad de agentes interesados en las \u00e1reas de trabajo, investigaci\u00f3n e innovaci\u00f3n relacionadas con las tecnolog\u00edas biom\u00e9dicas y la biotecnolog\u00eda.<\/strong><\/h6>\n\n\n\n<p>En el campo de la innovaci\u00f3n, se constituye el CITT en Tecnolog\u00edas Biom\u00e9dicas y Biotecnolog\u00eda para situar a la Comunidad de Madrid como un polo en la innovaci\u00f3n, con el fin de crear un ecosistema de entidades, desarrollar actividades clave, captar recursos y financiaci\u00f3n y mejorar la competitividad de la regi\u00f3n.<\/p>\n<\/div>\n<\/div>\n\n\n\n<div style=\"height:40px\" aria-hidden=\"true\" class=\"wp-block-spacer\"><\/div>\n\n\n\n<figure class=\"wp-block-image aligncenter size-full\"><img decoding=\"async\" src=\"http:\/\/citt-bio.madrimasd.org\/wp-content\/uploads\/2026\/01\/Imagen_Cover-Image_CITT_Bio_2025-e1768815238388.jpg\" alt=\"\" class=\"wp-image-1455\"\/><\/figure>\n\n\n\n<ol style=\"list-style-type:1\" class=\"wp-block-list\">\n<li><strong>Promoci\u00f3n de la ciencia <\/strong>y de la innovaci\u00f3n en el \u00e1mbito de las tecnolog\u00edas biom\u00e9dicas y la biotecnolog\u00eda, ya sea b\u00e1sica, cl\u00ednica, traslacional o industrial. Es imprescindible que la ciencia aporte valor hacia la comercializaci\u00f3n de productos o procesos, y que est\u00e9 enfocada hacia la generaci\u00f3n de soluciones a las necesidades actuales de la sociedad y del Sistema Nacional de Salud.<\/li>\n\n\n\n<li><strong>Creaci\u00f3n de eficiencia<\/strong>: identificar los principales retos y necesidades de la sociedad y del sector salud, para impulsar el desarrollo de soluciones innovadoras desde el CITT-BIO, de modo que las entidades colaboren activamente para solventar dichos retos y necesidades.<\/li>\n\n\n\n<li><strong>Generaci\u00f3n de tejido industrial, creaci\u00f3n de producto interior bruto<\/strong>. La generaci\u00f3n de riqueza en la regi\u00f3n se considera una l\u00ednea estrat\u00e9gica clave para el CITT-BIO. Las actividades y los proyectos que se desarrollen deber\u00e1n estar dirigidos para contribuir al crecimiento de las entidades y empresas de la regi\u00f3n.<\/li>\n<\/ol>\n\n\n\n<div style=\"height:48px\" aria-hidden=\"true\" class=\"wp-block-spacer\"><\/div>\n\n\n\n<figure class=\"wp-block-image aligncenter size-large is-resized\"><img loading=\"lazy\" decoding=\"async\" width=\"1024\" height=\"719\" src=\"https:\/\/citt-bio.madrimasd.org\/wp-content\/uploads\/2023\/07\/lineasestrategicas-1024x719.png\" alt=\"\" class=\"wp-image-424\" style=\"width:941px;height:661px\" srcset=\"https:\/\/citt-bio.madrimasd.org\/wp-content\/uploads\/2023\/07\/lineasestrategicas-1024x719.png 1024w, https:\/\/citt-bio.madrimasd.org\/wp-content\/uploads\/2023\/07\/lineasestrategicas-300x211.png 300w, https:\/\/citt-bio.madrimasd.org\/wp-content\/uploads\/2023\/07\/lineasestrategicas-768x539.png 768w, https:\/\/citt-bio.madrimasd.org\/wp-content\/uploads\/2023\/07\/lineasestrategicas.png 1537w\" sizes=\"auto, (max-width: 1024px) 100vw, 1024px\" \/><\/figure>\n\n\n\n<div style=\"height:144px\" aria-hidden=\"true\" class=\"wp-block-spacer\"><\/div>\n","protected":false},"excerpt":{"rendered":"<p>El Cl\u00faster de Innovaci\u00f3n Tecnol\u00f3gica y Talento en Tecnolog\u00edas Biom\u00e9dicas y Biotecnolog\u00eda de la Comunidad de Madrid, constituido en el seno de la Fundaci\u00f3n para el Conocimiento Madri+d, es una plataforma que re\u00fane a la comunidad de agentes interesados en las \u00e1reas de trabajo, investigaci\u00f3n e innovaci\u00f3n relacionadas con las tecnolog\u00edas biom\u00e9dicas y la biotecnolog\u00eda. [&hellip;]<\/p>\n","protected":false},"author":3,"featured_media":0,"parent":0,"menu_order":0,"comment_status":"closed","ping_status":"closed","template":"","meta":{"_acf_changed":false,"_mc_calendar":[],"footnotes":""},"class_list":["post-5","page","type-page","status-publish","hentry"],"blocksy_meta":[],"acf":[],"_links":{"self":[{"href":"https:\/\/citt-bio.madrimasd.org\/index.php\/wp-json\/wp\/v2\/pages\/5","targetHints":{"allow":["GET"]}}],"collection":[{"href":"https:\/\/citt-bio.madrimasd.org\/index.php\/wp-json\/wp\/v2\/pages"}],"about":[{"href":"https:\/\/citt-bio.madrimasd.org\/index.php\/wp-json\/wp\/v2\/types\/page"}],"author":[{"embeddable":true,"href":"https:\/\/citt-bio.madrimasd.org\/index.php\/wp-json\/wp\/v2\/users\/3"}],"replies":[{"embeddable":true,"href":"https:\/\/citt-bio.madrimasd.org\/index.php\/wp-json\/wp\/v2\/comments?post=5"}],"version-history":[{"count":22,"href":"https:\/\/citt-bio.madrimasd.org\/index.php\/wp-json\/wp\/v2\/pages\/5\/revisions"}],"predecessor-version":[{"id":1457,"href":"https:\/\/citt-bio.madrimasd.org\/index.php\/wp-json\/wp\/v2\/pages\/5\/revisions\/1457"}],"wp:attachment":[{"href":"https:\/\/citt-bio.madrimasd.org\/index.php\/wp-json\/wp\/v2\/media?parent=5"}],"curies":[{"name":"wp","href":"https:\/\/api.w.org\/{rel}","templated":true}]}}