{"id":764,"date":"2023-10-09T12:32:51","date_gmt":"2023-10-09T10:32:51","guid":{"rendered":"https:\/\/citt-bio.madrimasd.org\/?page_id=764"},"modified":"2023-10-09T13:18:01","modified_gmt":"2023-10-09T11:18:01","slug":"javier-colas-destaca-que-espana-necesita-un-modelo-de-compra-estrategica-en-salud-y-reducir-la-dependencia-exterior-en-el-iv-simposio-del-observatorio-de-la-sanidad","status":"publish","type":"page","link":"https:\/\/citt-bio.madrimasd.org\/index.php\/noticias\/javier-colas-destaca-que-espana-necesita-un-modelo-de-compra-estrategica-en-salud-y-reducir-la-dependencia-exterior-en-el-iv-simposio-del-observatorio-de-la-sanidad\/","title":{"rendered":"Javier Col\u00e1s destaca que \u201cEspa\u00f1a necesita un modelo de compra estrat\u00e9gica en salud y reducir la dependencia exterior\u201d en el IV Simposio del Observatorio de la Sanidad"},"content":{"rendered":"\n<p>Madrid, 5 de octubre de 2023 \u2013 Javier Col\u00e1s, director del CITT-BIO, particip\u00f3 en una mesa redonda en el <strong><em>IV Simposio del Observatorio de la Sanidad &#8216;Los cambios que necesita la sanidad actual&#8217;<\/em><\/strong><em>,<\/em> organizado por El Espa\u00f1ol e Invertia en la Universidad Camilo Jos\u00e9 Cela.<\/p>\n\n\n\n<p>Este encuentro cont\u00f3 con la participaci\u00f3n del ministro de Sanidad, el ministro de Industria, la secretaria de Estado de Sanidad, la secretaria general de Investigaci\u00f3n del Ministerio de Ciencia e Innovaci\u00f3n o la consejera de Sanidad de la Comunidad de Madrid, entre otros altos cargos de la administraci\u00f3n, representantes de las principales empresas y asociaciones sanitarias de nuestro pa\u00eds y destacados especialistas del sector.<\/p>\n\n\n\n<figure class=\"wp-block-image aligncenter size-large\"><img loading=\"lazy\" decoding=\"async\" width=\"1024\" height=\"690\" src=\"https:\/\/citt-bio.madrimasd.org\/wp-content\/uploads\/2023\/10\/observatorio-salud-cittbio-01-1024x690.png\" alt=\"\" class=\"wp-image-765\" srcset=\"https:\/\/citt-bio.madrimasd.org\/wp-content\/uploads\/2023\/10\/observatorio-salud-cittbio-01-1024x690.png 1024w, https:\/\/citt-bio.madrimasd.org\/wp-content\/uploads\/2023\/10\/observatorio-salud-cittbio-01-300x202.png 300w, https:\/\/citt-bio.madrimasd.org\/wp-content\/uploads\/2023\/10\/observatorio-salud-cittbio-01-768x517.png 768w, https:\/\/citt-bio.madrimasd.org\/wp-content\/uploads\/2023\/10\/observatorio-salud-cittbio-01.png 1436w\" sizes=\"auto, (max-width: 1024px) 100vw, 1024px\" \/><\/figure>\n\n\n\n<p class=\"has-text-align-center has-small-font-size\"><em>De izquierda a derecha, Sergio Mu\u00f1oz (FENIN), Mercedes Rivera (El Espa\u00f1ol), Mar\u00eda de Oyarz\u00e1bal (Siemens Healthineers) y Javier Col\u00e1s (CITT-BIO).<\/em><\/p>\n\n\n\n<p>El director del cl\u00faster form\u00f3 parte de la mesa redonda titulada \u201c<em>Necesidades de industrializaci\u00f3n<\/em>\u201d, junto con Sergio Mu\u00f1oz, director de Innovaci\u00f3n, Salud Digital y Tecnolog\u00edas Emergentes de FENIN y Mar\u00eda de Oyarz\u00e1bal, directora de diagn\u00f3stico por imagen de Siemens Healthineers.<\/p>\n\n\n\n<p>Col\u00e1s destac\u00f3 la necesidad urgente de fomentar la compra de soluciones innovadoras producidas a nivel nacional, instando a la toma de decisiones basadas en el aporte de valor, fortaleciendo la industria nacional y reduciendo el impacto medioambiental.&nbsp; Resalt\u00f3 el papel de la comunicaci\u00f3n fluida entre los agentes que detectan las necesidades en salud y aquellos con actividad investigadora, garantizando as\u00ed la llegada al mercado de soluciones innovadoras a los problemas existentes.<\/p>\n\n\n\n<p>El director del CITT-BIO adem\u00e1s coment\u00f3 las condiciones que se deben cumplir para poder fomentar la industrializaci\u00f3n en Espa\u00f1a. Entre ellas, destac\u00f3 la importancia de enfocar la investigaci\u00f3n e innovaci\u00f3n a las necesidades reales en el Sistema Nacional de Salud, el fomento del emprendimiento y la disponibilidad de recursos para garantizar la compra de soluciones innovadoras. Considera que el PERTE para la Salud de Vanguardia es un buen instrumento de financiaci\u00f3n, aunque es necesario m\u00e1s herramientas para conseguir un tejido industrial estable y perdurable en el tiempo.<\/p>\n\n\n\n<p class=\"has-text-align-left\">Puede ver la grabaci\u00f3n de la mesa redonda en el v\u00eddeo adjunto en esta noticia.<\/p>\n\n\n<p><iframe loading=\"lazy\" width=\"1400\" height=\"700\" src=\"https:\/\/www.youtube.com\/embed\/9yH6YlzmvC8?si=F_4ctrlGY8xDVyAp&amp;start=15190\" title=\"YouTube video player\" frameborder=\"0\" allow=\"accelerometer; autoplay; clipboard-write; encrypted-media; gyroscope; picture-in-picture; web-share\" allowfullscreen><\/iframe><\/p>\n","protected":false},"excerpt":{"rendered":"<p>Madrid, 5 de octubre de 2023 \u2013 Javier Col\u00e1s, director del CITT-BIO, particip\u00f3 en una mesa redonda en el IV Simposio del Observatorio de la Sanidad &#8216;Los cambios que necesita la sanidad actual&#8217;, organizado por El Espa\u00f1ol e Invertia en la Universidad Camilo Jos\u00e9 Cela. Este encuentro cont\u00f3 con la participaci\u00f3n del ministro de Sanidad, [&hellip;]<\/p>\n","protected":false},"author":3,"featured_media":0,"parent":162,"menu_order":1,"comment_status":"closed","ping_status":"closed","template":"","meta":{"_acf_changed":false,"_mc_calendar":[],"footnotes":""},"class_list":["post-764","page","type-page","status-publish","hentry"],"blocksy_meta":[],"acf":[],"_links":{"self":[{"href":"https:\/\/citt-bio.madrimasd.org\/index.php\/wp-json\/wp\/v2\/pages\/764","targetHints":{"allow":["GET"]}}],"collection":[{"href":"https:\/\/citt-bio.madrimasd.org\/index.php\/wp-json\/wp\/v2\/pages"}],"about":[{"href":"https:\/\/citt-bio.madrimasd.org\/index.php\/wp-json\/wp\/v2\/types\/page"}],"author":[{"embeddable":true,"href":"https:\/\/citt-bio.madrimasd.org\/index.php\/wp-json\/wp\/v2\/users\/3"}],"replies":[{"embeddable":true,"href":"https:\/\/citt-bio.madrimasd.org\/index.php\/wp-json\/wp\/v2\/comments?post=764"}],"version-history":[{"count":8,"href":"https:\/\/citt-bio.madrimasd.org\/index.php\/wp-json\/wp\/v2\/pages\/764\/revisions"}],"predecessor-version":[{"id":777,"href":"https:\/\/citt-bio.madrimasd.org\/index.php\/wp-json\/wp\/v2\/pages\/764\/revisions\/777"}],"up":[{"embeddable":true,"href":"https:\/\/citt-bio.madrimasd.org\/index.php\/wp-json\/wp\/v2\/pages\/162"}],"wp:attachment":[{"href":"https:\/\/citt-bio.madrimasd.org\/index.php\/wp-json\/wp\/v2\/media?parent=764"}],"curies":[{"name":"wp","href":"https:\/\/api.w.org\/{rel}","templated":true}]}}

Javier Colás destaca que “España necesita un modelo de compra estratégica en salud y reducir la dependencia exterior” en el IV Simposio del Observatorio de la Sanidad

<p>Madrid, 5 de octubre de 2023 – Javier Colás, director del CITT-BIO, participó en una mesa redonda en el <strong><em>IV Simposio del Observatorio de la Sanidad &#8216;Los cambios que necesita la sanidad actual&#8217;</em></strong><em>,</em> organizado por El Español e Invertia en la Universidad Camilo José Cela.</p>



<p>Este encuentro contó con la participación del ministro de Sanidad, el ministro de Industria, la secretaria de Estado de Sanidad, la secretaria general de Investigación del Ministerio de Ciencia e Innovación o la consejera de Sanidad de la Comunidad de Madrid, entre otros altos cargos de la administración, representantes de las principales empresas y asociaciones sanitarias de nuestro país y destacados especialistas del sector.</p>



<figure class="wp-block-image aligncenter size-large"><img loading="lazy" decoding="async" width="1024" height="690" src="https://citt-bio.madrimasd.org/wp-content/uploads/2023/10/observatorio-salud-cittbio-01-1024x690.png" alt="" class="wp-image-765" srcset="https://citt-bio.madrimasd.org/wp-content/uploads/2023/10/observatorio-salud-cittbio-01-1024x690.png 1024w, https://citt-bio.madrimasd.org/wp-content/uploads/2023/10/observatorio-salud-cittbio-01-300x202.png 300w, https://citt-bio.madrimasd.org/wp-content/uploads/2023/10/observatorio-salud-cittbio-01-768x517.png 768w, https://citt-bio.madrimasd.org/wp-content/uploads/2023/10/observatorio-salud-cittbio-01.png 1436w" sizes="auto, (max-width: 1024px) 100vw, 1024px" /></figure>



<p class="has-text-align-center has-small-font-size"><em>De izquierda a derecha, Sergio Muñoz (FENIN), Mercedes Rivera (El Español), María de Oyarzábal (Siemens Healthineers) y Javier Colás (CITT-BIO).</em></p>



<p>El director del clúster formó parte de la mesa redonda titulada “<em>Necesidades de industrialización</em>”, junto con Sergio Muñoz, director de Innovación, Salud Digital y Tecnologías Emergentes de FENIN y María de Oyarzábal, directora de diagnóstico por imagen de Siemens Healthineers.</p>



<p>Colás destacó la necesidad urgente de fomentar la compra de soluciones innovadoras producidas a nivel nacional, instando a la toma de decisiones basadas en el aporte de valor, fortaleciendo la industria nacional y reduciendo el impacto medioambiental.&nbsp; Resaltó el papel de la comunicación fluida entre los agentes que detectan las necesidades en salud y aquellos con actividad investigadora, garantizando así la llegada al mercado de soluciones innovadoras a los problemas existentes.</p>



<p>El director del CITT-BIO además comentó las condiciones que se deben cumplir para poder fomentar la industrialización en España. Entre ellas, destacó la importancia de enfocar la investigación e innovación a las necesidades reales en el Sistema Nacional de Salud, el fomento del emprendimiento y la disponibilidad de recursos para garantizar la compra de soluciones innovadoras. Considera que el PERTE para la Salud de Vanguardia es un buen instrumento de financiación, aunque es necesario más herramientas para conseguir un tejido industrial estable y perdurable en el tiempo.</p>



<p class="has-text-align-left">Puede ver la grabación de la mesa redonda en el vídeo adjunto en esta noticia.</p>


<p><iframe loading="lazy" width="1400" height="700" src="https://www.youtube.com/embed/9yH6YlzmvC8?si=F_4ctrlGY8xDVyAp&amp;start=15190" title="YouTube video player" frameborder="0" allow="accelerometer; autoplay; clipboard-write; encrypted-media; gyroscope; picture-in-picture; web-share" allowfullscreen></iframe></p>

<p>Madrid, 5 de octubre de 2023 – Javier Colás, director del CITT-BIO, participó en una mesa redonda en el IV Simposio del Observatorio de la Sanidad &#8216;Los cambios que necesita la sanidad actual&#8217;, organizado por El Español e Invertia en la Universidad Camilo José Cela. Este encuentro contó con la participación del ministro de Sanidad, [&hellip;]</p>
